{"id":362,"date":"2024-04-23T11:05:05","date_gmt":"2024-04-23T09:05:05","guid":{"rendered":"https:\/\/mycaraddict.fr\/?page_id=362"},"modified":"2024-05-05T19:39:21","modified_gmt":"2024-05-05T17:39:21","slug":"mentions-legales","status":"publish","type":"page","link":"https:\/\/mycaraddict.fr\/index.php\/mentions-legales\/","title":{"rendered":"Mentions L\u00e9gales"},"content":{"rendered":"\n[et_pb_section fb_built=\u00a0\u00bb1&Prime; theme_builder_area=\u00a0\u00bbpost_content\u00a0\u00bb _builder_version=\u00a0\u00bb4.24.3&Prime; _module_preset=\u00a0\u00bbdefault\u00a0\u00bb][et_pb_row _builder_version=\u00a0\u00bb4.24.3&Prime; _module_preset=\u00a0\u00bbdefault\u00a0\u00bb theme_builder_area=\u00a0\u00bbpost_content\u00a0\u00bb][et_pb_column _builder_version=\u00a0\u00bb4.24.3&Prime; _module_preset=\u00a0\u00bbdefault\u00a0\u00bb type=\u00a0\u00bb4_4&Prime; theme_builder_area=\u00a0\u00bbpost_content\u00a0\u00bb][et_pb_text _builder_version=\u00a0\u00bb4.24.3&Prime; _module_preset=\u00a0\u00bbdefault\u00a0\u00bb theme_builder_area=\u00a0\u00bbpost_content\u00a0\u00bb hover_enabled=\u00a0\u00bb0&Prime; sticky_enabled=\u00a0\u00bb0&Prime;]<h1 class=\"entry-title\" itemprop=\"headline\">Mentions L\u00e9gales<\/h1>\n<h2>My Car Addict<\/h2>\n<p><span>Tel: 06 27 29 12 37<\/span><br \/><span>Raison Sociale: Julien Chevallier<\/span><br \/><span>SIRET: 852 917 087 00011<\/span><br \/><span>Code APE : Activit\u00e9s sp\u00e9cialis\u00e9es dans le design (7410Z)<\/span><\/p>[\/et_pb_text][et_pb_text _builder_version=\u00a0\u00bb4.24.3&Prime; _module_preset=\u00a0\u00bbdefault\u00a0\u00bb theme_builder_area=\u00a0\u00bbpost_content\u00a0\u00bb hover_enabled=\u00a0\u00bb0&Prime; sticky_enabled=\u00a0\u00bb0&Prime;]<h2>Directeur de publication<\/h2>\n<span>Julien CHEVALLIER<\/span>\n<span>Email :\u00a0<\/span><a href=\"mailto:mcar.addict@gmail.com\">mcar.addict@gmail.com<\/a>[\/et_pb_text][et_pb_text _builder_version=\u00a0\u00bb4.24.3&Prime; _module_preset=\u00a0\u00bbdefault\u00a0\u00bb theme_builder_area=\u00a0\u00bbpost_content\u00a0\u00bb hover_enabled=\u00a0\u00bb0&Prime; sticky_enabled=\u00a0\u00bb0&Prime;]<h2>Droits d\u2019auteur<\/h2>\n<p><span>L\u2019ensemble des contenus de ce site rel\u00e8ve de la l\u00e9gislation fran\u00e7aise et europ\u00e9enne sur les droits d\u2019auteur et la propri\u00e9t\u00e9 intellectuelle. Tous les droits de reproduction sont r\u00e9serv\u00e9s : la reproduction de tout ou partie du site, quelles qu\u2019en soient la forme et la destination est formellement interdite, sauf autorisation expresse du directeur de la publication.<\/span><\/p>[\/et_pb_text][et_pb_text _builder_version=\u00a0\u00bb4.24.3&Prime; _module_preset=\u00a0\u00bbdefault\u00a0\u00bb theme_builder_area=\u00a0\u00bbpost_content\u00a0\u00bb hover_enabled=\u00a0\u00bb0&Prime; sticky_enabled=\u00a0\u00bb0&Prime;]<h2>Donn\u00e9es personnelles<\/h2>\n<p style=\"text-align: left;\">Toutes les informations collect\u00e9es sont confidentielles et \u00e0 l\u2019usage exclusif de MyCarAddict. Conform\u00e9ment aux articles 39 et suivants de la loi \u00bb Informatique et libert\u00e9s \u00bb du 6\/01\/1978, vous disposez d\u2019un droit d\u2019acc\u00e8s, de modification, de rectification et de suppression des informations que vous fournissez. Vous pouvez exercer ce droit par courrier \u00e9lectronique adress\u00e9 \u00e0 : mcar.addict@gmail.com.com . MyCarAddict se r\u00e9serve le droit de pointer vers des sites tiers. Les sites cibles ne sont pas sous la responsabilit\u00e9 de MyCarAddict. Par cons\u00e9quent, MyCarAddict n\u2019est pas responsable du contenu de ces sites, des liens qu\u2019ils contiennent, ni des changements ou mises \u00e0 jour qui leur sont apport\u00e9s.<\/p>[\/et_pb_text][\/et_pb_column][\/et_pb_row][\/et_pb_section]\n","protected":false},"excerpt":{"rendered":"<p>Mentions L\u00e9gales My Car Addict Tel: 06 27 29 12 37Raison Sociale: Julien ChevallierSIRET: 852 917 087 00011Code APE : Activit\u00e9s sp\u00e9cialis\u00e9es dans le design (7410Z)Directeur de publication Julien CHEVALLIER Email :\u00a0mcar.addict@gmail.comDroits d\u2019auteur L\u2019ensemble des contenus de ce site rel\u00e8ve de la l\u00e9gislation fran\u00e7aise et europ\u00e9enne sur les droits d\u2019auteur et la propri\u00e9t\u00e9 intellectuelle. Tous [&hellip;]<\/p>\n","protected":false},"author":1,"featured_media":0,"parent":0,"menu_order":0,"comment_status":"closed","ping_status":"closed","template":"","meta":{"_et_pb_use_builder":"on","_et_pb_old_content":"","_et_gb_content_width":"","inline_featured_image":false,"footnotes":""},"class_list":["post-362","page","type-page","status-publish","hentry"],"_links":{"self":[{"href":"https:\/\/mycaraddict.fr\/index.php\/wp-json\/wp\/v2\/pages\/362","targetHints":{"allow":["GET"]}}],"collection":[{"href":"https:\/\/mycaraddict.fr\/index.php\/wp-json\/wp\/v2\/pages"}],"about":[{"href":"https:\/\/mycaraddict.fr\/index.php\/wp-json\/wp\/v2\/types\/page"}],"author":[{"embeddable":true,"href":"https:\/\/mycaraddict.fr\/index.php\/wp-json\/wp\/v2\/users\/1"}],"replies":[{"embeddable":true,"href":"https:\/\/mycaraddict.fr\/index.php\/wp-json\/wp\/v2\/comments?post=362"}],"version-history":[{"count":4,"href":"https:\/\/mycaraddict.fr\/index.php\/wp-json\/wp\/v2\/pages\/362\/revisions"}],"predecessor-version":[{"id":368,"href":"https:\/\/mycaraddict.fr\/index.php\/wp-json\/wp\/v2\/pages\/362\/revisions\/368"}],"wp:attachment":[{"href":"https:\/\/mycaraddict.fr\/index.php\/wp-json\/wp\/v2\/media?parent=362"}],"curies":[{"name":"wp","href":"https:\/\/api.w.org\/{rel}","templated":true}]}}